ose -4*v - 427 = -5*d + 127, o*d - 5*v - 335 = 0. What is the units digit of d?
0
Let q be 0/((-12)/(-6)) - (-4)/2. Suppose 3*b - 19 = -2*s + 6, 4*s = q*b + 10. Suppose 0 = -4*v + b*v - 27. What is the units digit of v?
7
What is the hundreds digit of 1/((9/13562)/9*2)?
7
Let u(j) = -j**3 - j**2 + 15*j - 116. Let m be u(0). Let t = -470 + 284. Let y = m - t. What is the units digit of y?
0
Suppose -1179*b = -877*b - 2666962. What is the units digit of b?
1
Let v be (1 - 2)/(1/(-33)). Suppose -y + v = -57. Let a = 115 - y. What is the units digit of a?
5
Let d(h) = 228*h**3 - h**2 - 4*h - 2. Let z be d(-1). Let q = z + 554. What is the hundreds digit of q?
3
Suppose 0 = -4*o - m + 1121, 760 = 3*o + 3*m - 83. Let z be 5/(25/(-995)) - (-1 - 0). Let u = o + z. What is the units digit of u?
2
Suppose -32252 = -4*j + 4*p, 0 = 3*j + 25*p - 24*p - 24217. What is the hundreds digit of j?
0
Suppose 2*h + 25 = i + 4*i, 0 = -3*h + 4*i - 20. Suppose h*q - x + 337 = 2*q, 5*x + 850 = 5*q. Let d = q - 121. What is the tens digit of d?
4
Let o be 4*(0 - 305/(-10)). Let c = o - 100. What is the units digit of 84/c - (-22)/121?
4
Let h = 1988 + 2268. What is the units digit of h?
6
Let y be (888/(-20))/((-6)/(-20)). Let q = y - -926. What is the hundreds digit of q?
7
Suppose 0 = -m + 22*q - 17*q + 7291, q + 21929 = 3*m. What is the hundreds digit of m?
3
Let d = 40 - 38. Suppose 0*o = z + 4*o - 506, 0 = 2*z + d*o - 1012. What is the hundreds digit of z?
5
Suppose 4*t - 3*v = -1100, 4*v = -4*t - 405 - 695. Let i = 1833 + -1417. Let h = t + i. What is the hundreds digit of h?
1
Let a = -1746 - -2636. Suppose -t + 2*t + 1334 = 3*u, -t = -2*u + a. What is the hundreds digit of u?
4
Let w be -138*((7 - 4) + 14/(-6)). Let f = -205 + -2. Let d = w - f. What is the tens digit of d?
1
Suppose 5*j = 5*f - 30, -6*j - 6 = 3*f - j. Suppose -589 = -4*g + 3*g + 4*b, 15 = -f*b. What is the units digit of g?
9
What is the hundreds digit of (48/(-14))/((-123)/107912)?
0
Let l be 0 + (-2050)/(-20) + (-1)/2. Let j be (-1)/(2/(l/(-3) + 0)). Let w = j + 57. What is the tens digit of w?
7
Let c(y) = 9*y**2 + 210*y + 17. What is the units digit of c(21)?
6
Suppose 13*r + 820292 - 37454 = 70*r. What is the tens digit of r?
3
Let c(b) = -239*b - 52 - 232*b + 464*b. What is the units digit of c(-15)?
3
Suppose -5*c = 3*k + 2*k - 925, -3*c + 547 = -k. Let i = -29 - c. What is the hundreds digit of 3 - (-2 - (1 - i))?
2
Let z be 2 - (-168)/(-77) - (-2)/11. Suppose z = o - 4*v - 246, 2*o - 9*v - 486 = -4*v. What is the hundreds digit of o?
2
Let p = -379 - -2972. Suppose 21*w + p - 14794 = 0. What is the hundreds digit of w?
5
Suppose -6*j - 4*j = 160. Let c = j + 69. Suppose 2*l - c = -5*z + 12, -5*z + 2*l + 45 = 0. What is the units digit of z?
1
Let s be 5*(-1 + (-28)/(-20)). Suppose 3*c = -4*n - 324, s*c = n - 24 + 116. What is the hundreds digit of 60*(-7)/(n/32)?
1
Let f = 47 + -55. Let o be (-2)/((-3477)/(-4668) - (-6)/f). Suppose 0*k + 3*k = 5*m + o, -3*k - 2*m = -403. What is the tens digit of k?
3
Suppose r - 4*r = -18. Suppose 18 - r = 2*y. Suppose -y*p = -125 - 205. What is the tens digit of p?
5
Let a = -258 + 264. What is the units digit of (a/4)/((-8)/(-924 + 12))?
1
Suppose -15*w + 56*w - 1763 = 0. What is the tens digit of w?
4
Let t(g) = 6*g**2 + 11*g - 77. What is the hundreds digit of t(16)?
6
Suppose 4*a - 35 - 49 = 0. Let v be 3/(-2)*(-1078)/a. Let k = 105 - v. What is the units digit of k?
8
Let k be 1880 + -10 + (-5)/(-10)*10. Let l = k - 833. What is the hundreds digit of l?
0
Suppose 10*g = -1951 - 6469. Let r = g - -1764. What is the tens digit of r?
2
Suppose -y = 4*g - 4448, -5*g = -0*g + 5. Suppose -16*r - 532 + y = 0. What is the hundreds digit of r?
2
Let m = 331 - 376. What is the units digit of (257 - m)/(1/2)?
4
Let j be ((-39)/(-3))/(2/(-15344) - 0). What is the units digit of j/(-234) + 4/(-18)?
6
Suppose 3*q - 5*n - 47010 = 0, -5*n - 2694 = -q + 12976. What is the tens digit of q?
7
Suppose 0 = -3*r - 2*y + 2715, 5*r = -2*y + 696 + 3825. Let g(j) = -11*j**3 - j**2 + 3*j - 2. Let q be g(2). What is the tens digit of (-11)/q - r/(-8)?
1
Suppose -57952 = -2*g + 5*s, 28*g + 3*s - 144942 = 23*g. What is the ten thousands digit of g?
2
Let h(y) = 7*y**2 - 15*y + 48. Let t = 48 + -42. Let l be h(t). What is the hundreds digit of (2*l/9)/((-2)/(-6))?
1
Suppose -21987 = -3*q - 4*w, -11*w - 14662 = -2*q - 15*w. Suppose 9*f - 14*f = 4*r - 7289, q = 5*f - 5*r. What is the hundreds digit of f?
4
Let b = -12596 - -45076. What is the ten thousands digit of b?
3
Let q = 62868 - 14292. What is the hundreds digit of q?
5
Let b(j) = 1685*j - 14937. What is the thousands digit of b(51)?
0
Suppose 0 = -x + 75 - 64. Suppose 3488 + 1517 = x*r. What is the tens digit of r?
5
What is the hundreds digit of (26435213/532 - (-10)/(-8))/3?
5
Suppose -9*l + 29 = 11. What is the thousands digit of ((l + -11354)/(-8))/1?
1
Let r(l) = 2*l**2 + 18*l - 42. Let m be r(-11). Let s be (2 + -8)*(-54 + -1). Suppose -g + s = m*g + 3*w, -2*g + 4*w = -190. What is the tens digit of g?
0
Suppose 4*n = 2 + 14. Let c be (-160)/(-90) + n/18. Suppose -3*x + 131 = c*u, -x = -0*u - 3*u + 213. What is the tens digit of u?
7
What is the ten thousands digit of 10697 + -4 + -3 + 12?
1
Let s(h) = 2*h**3 - 8*h**2 + 10*h + 10. Suppose -2*t - 20 = -34. What is the tens digit of s(t)?
7
Suppose -4*v = 3*m - 17, -m = 2*v + 3*m - 16. Suppose 0 = 4*o - o - 6. Suppose -2*q - 98 = -4*w + 502, o*w + v*q = 288. What is the hundreds digit of w?
1
What is the tens digit of (2039 - (-55)/5)/(1 + (-5)/6)?
0
Let d be (6/(-8))/((-9)/(-180)). Let k be ((-6)/4)/(d/460). Let t = k - -8. What is the units digit of t?
4
Suppose 4*v - 20 = -0*v. Suppose -46 + 276 = -v*m. Let z = m - -93. What is the units digit of z?
7
Suppose 4*t = 7*t - 14207 - 25132. What is the tens digit of t?
1
Let d = 56 - 24. Let k(v) = -v + 4. Let c be k(5). What is the tens digit of (1/c - -16) + d/8?
1
Suppose -4*b - b = -450. Let i be (-77)/(-22) + (-1)/2. Suppose -i*q = -4*n - b, -4*n + 2*n - 130 = -4*q. What is the units digit of q?
4
Let g(f) = -6711*f + 110. What is the hundreds digit of g(-5)?
6
Let y(w) = -737*w**3 + w**2 + 109*w + 480. What is the ten thousands digit of y(-4)?
4
Let o(i) = 4*i - 8. Let g be o(3). What is the units digit of ((-5)/(-15))/(g/2928)?
4
Let d = -1503 - -6249. Suppose d = -105*h + 111*h. What is the hundreds digit of h?
7
Suppose 1285*m = 1313*m - 213948. What is the thousands digit of m?
7
Let j(l) = l**2. Let h(u) = 29*u**2 + 8*u + 101. Let i(y) = h(y) - 6*j(y). What is the tens digit of i(-7)?
7
Let w = 35144 + -7446. What is the thousands digit of w?
7
Suppose 3340*x = 3346*x - 47754. What is the tens digit of x?
5
Let t = -8 - -14. Let c(r) = 41*r**2 - 8*r + 7*r - 12 - 85*r**2 - r**3 + 51*r**2. What is the tens digit of c(t)?
1
Suppose -7 = -18*m + 29. Let p(x) = 198*x - 39. What is the units digit of p(m)?
7
Suppose -u = 4*y - 126, 3*y - 4 - 5 = 0. Let i = u + 81. What is the units digit of i?
5
Suppose 0 = -4*v + 5*m - 5, 37 - 33 = 4*m. Suppose -l + 11 + 1722 = b, 3*b - 3*l - 5199 = v. What is the hundreds digit of b?
7
Suppose -l = -2, i - 3*l + 4 = 16. What is the units digit of (i/4)/((155/990)/31)?
1
Suppose 4*t = 2*s - 0*t - 184, -3*s - 2*t + 308 = 0. Let b be (-84)/(-16) + (-4)/16. What is the tens digit of b/2*s/10?
2
Suppose 0 = h + 4*n - 13, h + n - 22 = -0*h. Suppose -26*o = -h*o - 26. Suppose 86 - o = q. What is the tens digit of q?
6
Suppose -53*w - 18 = -56*w. Suppose 3*q - 9 = -4*m, -w = 4*m + q - 17. Suppose l + m*l - 472 = 4*j, -3*j - 110 = -l. What is the hundreds digit of l?
1
Let m = 804 + -545. Let o = m - -94. What is the units digit of o?
3
Let t(s) = 2*s**3 - 3*s**2 + 6*s + 38. Let j be -10 - -6 - -2*5. What is the tens digit of t(j)?
9
Let j(q) = q**3 - q**2 - 6*q + 137. Let v be j(0). Let u = v - -36. What is the units digit of u?
3
Let c be 4/14 + (348/(-42) - -8). Suppose c = -32*t + 38*t - 4146. What is the tens digit of t?
9
Suppose 13*t + 378 = 15302. Let x = t - 542. What is the hundreds digit of x?
6
Let g(x) = -x**3 + 12*x**2 - 8*x - 23. Let p be g(11). Let w(r) = 11*r + 10*r - 43*r + 9*r + p. What is the units digit of w(-3)?
9
Let q(l) = -15*l + 7*l**2 - 8 - 5 + 9 - 1. Wh